{"id":103,"date":"2024-05-18T10:52:42","date_gmt":"2024-05-18T10:52:42","guid":{"rendered":"https:\/\/rabattage.de\/?page_id=103"},"modified":"2024-06-02T06:16:16","modified_gmt":"2024-06-02T06:16:16","slug":"geschaftsbedingungen","status":"publish","type":"page","link":"https:\/\/rabattage.de\/iso-639-2\/geschaftsbedingungen\/","title":{"rendered":"Gesch\u00e4ftsbedingungen"},"content":{"rendered":"\n<p>Herzlich willkommen!&nbsp;Rabattage.de&nbsp;(diese \u201cSite\u201d), zu der Rabattage, Rabattage.de und andere verwandte Sites (jeweils ein \u201cService\u201d und zusammen die \u201cServices\u201d) geh\u00f6ren, ist Eigentum von&nbsp;Rabattage.de. (\u201cRabattage\u201d) und wird von diesen betrieben .de \u201c,\u201d wir \u201c,\u201d uns \u201coder\u201d unser \u201c). Bevor Sie diese Website nutzen oder Ihr Konto bei&nbsp;Rabattage.de&nbsp;einrichten, lesen Sie bitte die folgenden Nutzungsbedingungen (\u201cNutzungsbedingungen\u201d oder \u201cVereinbarung\u201d) sorgf\u00e4ltig durch. DIESE BEDINGUNGEN regeln Ihren Zugang zu und Ihre Nutzung der Dienste. Der Zugriff auf und die Nutzung dieser Website und der Dienste wird ausdr\u00fccklich von Ihrer Annahme und Einhaltung dieser Bedingungen abh\u00e4ngig gemacht. Ihre Nutzung dieser Website und dieser Dienste stellt Ihre Zustimmung zu diesen Bedingungen dar. WENN SIE DIESEN BEDINGUNGEN NICHT ZUSTIMMEN, BENUTZEN SIE DIESE WEBSITE ODER DIENSTLEISTUNGEN BITTE NICHT. BITTE BEACHTEN SIE, DASS JEGLICHE VERLETZUNG DIESER BEDINGUNGEN ZU EINER K\u00dcNDIGUNG IHRER F\u00c4HIGKEIT ZUGREIFEN UND DIE DIENSTLEISTUNGEN NUTZEN KANN.<\/p>\n\n\n\n<p>Durch die Nutzung der Website erkl\u00e4ren Sie, dass Sie mindestens achtzehn (18) Jahre alt sind und dass Sie gesetzlich in der Lage sind, an dieser Vereinbarung teilzunehmen. Wir behalten uns das Recht vor, diese Bedingungen oder Dienstleistungen jederzeit ganz oder teilweise zu \u00e4ndern. Alle \u00c4nderungen, die wir vornehmen, werden sofort nach Benachrichtigung wirksam, die wir auf jede Art und Weise bereitstellen k\u00f6nnen, einschlie\u00dflich, ohne Einschr\u00e4nkung, der Ver\u00f6ffentlichung auf der Website oder per E-Mail. Ihre fortgesetzte Nutzung der Dienste nach einer solchen Mitteilung gilt als Annahme solcher \u00c4nderungen. Sie k\u00f6nnen feststellen, wann diese Bedingungen zuletzt \u00fcberarbeitet wurden, indem Sie auf die Legende \u201cZuletzt aktualisiert\u201d oben in diesen Bedingungen verweisen. Kehren Sie regelm\u00e4\u00dfig zu dieser Seite zur\u00fcck, um sich mit der aktuellsten Version dieser Bedingungen vertraut zu machen. Auf unsere Anfrage erkl\u00e4ren Sie sich damit einverstanden, eine nicht elektronische Version dieser Bedingungen zu unterzeichnen. Sie erkl\u00e4ren sich damit einverstanden, dass wir weder Ihnen noch Dritten gegen\u00fcber f\u00fcr die Beseitigung oder Einstellung von Inhalten oder Funktionen des Dienstes oder f\u00fcr die \u00c4nderung von Geb\u00fchren oder Entgelten f\u00fcr die Nutzung des Dienstes haftbar sind.<\/p>\n\n\n\n<p>Hinweis zu Kindern unter 13 Jahren<br>GutscheinTA ist besorgt um die Sicherheit und Privatsph\u00e4re aller Benutzer, insbesondere von Kindern. Aus diesem Grund ist es Kindern unter 13 Jahren untersagt, den Dienst ohne Aufsicht eines Erziehungsberechtigten zu nutzen. Bitte denken Sie daran, dass die Dienste ein breites Publikum ansprechen sollen. Dementsprechend liegt es in Ihrer Verantwortung als Erziehungsberechtigter, zu bestimmen, ob die unten definierten Dienste und Inhalte f\u00fcr Ihr Kind geeignet sind.<\/p>\n\n\n\n<p>Anmeldung<br>Wann und wenn Sie ein Konto einrichten und sich registrieren, um die Dienste zu nutzen, erkl\u00e4ren Sie sich damit einverstanden, (a) genaue, aktuelle und vollst\u00e4ndige Informationen \u00fcber sich selbst bereitzustellen, wie in unserem Registrierungsformular (einschlie\u00dflich Ihrer E-Mail-Adresse) angegeben, und (b) zu pflegen und zu aktualisieren Ihre Informationen (einschlie\u00dflich Ihrer E-Mail-Adresse), um sie korrekt, aktuell und vollst\u00e4ndig zu halten. Sie erkennen an, dass wir uns das Recht vorbehalten, Ihren Zugang zu und Ihre Nutzung des Dienstes zu beenden, wenn von Ihnen bereitgestellte Informationen nicht wahr, ungenau, nicht aktuell oder unvollst\u00e4ndig sind. Unsere Verwendung und Offenlegung solcher Informationen, die Sie bereitstellen, unterliegt unseren Datenschutzbestimmungen.<\/p>\n\n\n\n<p><strong>Benutzername und Passwort<\/strong><br>Im Rahmen der Kontoeinrichtung und -registrierung werden Sie m\u00f6glicherweise aufgefordert, einen Benutzernamen und ein Kennwort auszuw\u00e4hlen. Wir k\u00f6nnen es ablehnen, Ihnen nach eigenem Ermessen einen Benutzernamen zu erteilen, auch wenn wir feststellen, dass dieser Benutzername eine andere Person darstellt, illegal, vulg\u00e4r oder auf andere Weise anst\u00f6\u00dfig ist oder durch Marken- oder andere Eigentumsrechte gesch\u00fctzt ist oder auf andere Weise Verwirrung stiften. Sie sind f\u00fcr die Vertraulichkeit und Verwendung Ihres Benutzernamens und Passworts verantwortlich und erkl\u00e4ren sich damit einverstanden, Ihre Nutzung oder Ihren Zugriff auf den Service nicht an Dritte zu \u00fcbertragen oder weiterzuverkaufen. SIE SIND VOLLST\u00c4NDIG VERANTWORTLICH, DIE VERTRAULICHKEIT IHRES BENUTZERNAMENS UND PASSWORTES ZU BEHALTEN UND F\u00dcR ALLE AKTIVIT\u00c4TEN (EINSCHLIESSLICH K\u00c4UFE, WIE ANWENDBAR), DIE \u00dcBER IHR KONTO DURCHGEF\u00dcHRT WERDEN.<\/p>\n\n\n\n<p><strong>Teilnahme von gemeinn\u00fctzigen Organisationen und pers\u00f6nlichen Kampagnen<\/strong><br>Es gibt zwei (2) Arten von Ursachen, die an den Diensten teilnehmen k\u00f6nnen: (a) gemeinn\u00fctzige Organisationen und Schulen (jeweils eine \u201egemeinn\u00fctzige\u201c); und (b) pers\u00f6nliche Kampagnen, die von einem Benutzer des Dienstes eingerichtet wurden (jeweils eine \u201eKampagne\u201c). Gemeinsam werden gemeinn\u00fctzige Organisationen und Kampagnen als \u201eUrsachen\u201c bezeichnet.<\/p>\n\n\n\n<p>Die Teilnahme aus Gr\u00fcnden an den Diensten bedarf der vorherigen Zustimmung von Gutscheinta. Gutscheinta beh\u00e4lt sich das Recht vor, die Teilnahme aus irgendeinem Grund jederzeit nach eigenem Ermessen zu verweigern.<\/p>\n\n\n\n<p>Wenn Sie einen Antrag auf Teilnahme an den Diensten als gemeinn\u00fctziger Verein stellen (den Sie hier finden: http:\/\/www. Rabattage.\/addcharity.aspx), versichern Sie und garantieren, dass Sie: 1) das Recht zur Teilnahme haben diese Vereinbarung mit gutscheinta im Namen des gemeinn\u00fctzigen Unternehmens abzuschlie\u00dfen und durchzuf\u00fchren, einschlie\u00dflich, aber nicht beschr\u00e4nkt auf die Zustimmung des gemeinn\u00fctzigen Unternehmens, seinen Namen und \/ oder sein Logo zu verwenden, und 2) dass die Informationen in Ihrer Bewerbung wahr sind, vollst\u00e4ndig und aktuell.<\/p>\n\n\n\n<p>Wenn Sie einen Antrag auf Teilnahme an den Diensten stellen, indem Sie eine Kampagne erstellen (die Sie hier finden:&nbsp;https:\/\/www. Rabattage.de\/addcampaign.aspx), erkl\u00e4ren, garantieren und verpflichten Sie sich, (i) alle von Ihnen bereitgestellten Informationen im Zusammenhang mit einer Kampagne ist genau, vollst\u00e4ndig und nicht anderweitig darauf ausgelegt, Benutzer irrezuf\u00fchren, zu betr\u00fcgen oder zu t\u00e4uschen; (ii) Alle Ihrer Kampagne zugewiesenen Betr\u00e4ge werden ausschlie\u00dflich wie in den von Ihnen ver\u00f6ffentlichten Materialien beschrieben verwendet. (iii) Sie werden alle relevanten lokalen, staatlichen und bundesstaatlichen Gesetze einhalten, die f\u00fcr Sie gelten, wenn Sie Gelder anfordern, insbesondere, aber nicht beschr\u00e4nkt auf Gesetze, die sich auf Ihr Marketing und Ihre Werbung f\u00fcr Ihre Kampagne beziehen. und (iv) Sie sind keine Wohlt\u00e4tigkeitsorganisation im Sinne von Abschnitt 501 (c) (3) des ge\u00e4nderten Internal Revenue Code von 1986 (der \u201cCode\u201d). Wir behalten uns das Recht vor, Spendern und Beg\u00fcnstigten Ihrer Kampagne Informationen zu Ihrer Kampagne sowie Strafverfolgungsbeh\u00f6rden zur Verf\u00fcgung zu stellen oder bei Ermittlungen behilflich zu sein.<\/p>\n\n\n\n<p>Gew\u00e4hren Sie Rabattage, indem Sie als Grund an den Diensten teilnehmen.<\/p>\n\n\n\n<p><strong>Zahlung an Ursachen<\/strong><br>F\u00fcr Einnahmen, die durch qualifizierte Suchanfragen auf Rabattage erzielt und gesammelt werden, erh\u00e4lt jede ausgew\u00e4hlte Ursache einen Anteil der Einnahmen, die wir Ursachen zuweisen, der dem Anteil entspricht, in dem die Unterst\u00fctzer der ausgew\u00e4hlten Ursache die Website im Vergleich zu den Unterst\u00fctzern anderer aufgelisteter Wohlt\u00e4tigkeitsorganisationen nutzen. Um den Betrag zu bestimmen, der an die ausgew\u00e4hlte Ursache gezahlt wird, weisen wir den geringeren Betrag von 0,01 USD pro Suche oder 50% des Umsatzes zu, um den Gewinn pro Suche zu bestimmen, den wir dann mit dem relativen Anteil der Suchanfragen der ausgew\u00e4hlten Ursache multiplizieren. In F\u00e4llen, in denen eine Suche ohne Auswahl einer Ursache durchgef\u00fchrt wird, wird der dieser Suche zugeordnete proportionale Umsatz zur Finanzierung unserer Operationen verwendet.<\/p>\n\n\n\n<p>F\u00fcr qualifizierte Eink\u00e4ufe \u00fcber Rabattage erh\u00e4lt jede aufgelistete Ursache einen Prozentsatz qualifizierter Eink\u00e4ufe von einem teilnehmenden H\u00e4ndler, basierend auf dem entsprechenden Prozentsatz, der f\u00fcr diesen teilnehmenden H\u00e4ndler gilt, wie unter&nbsp;www.Rabattage.de&nbsp;aufgef\u00fchrt. In F\u00e4llen, in denen ein qualifizierter Kauf get\u00e4tigt wird, ohne dass der Benutzer eine Ursache ausw\u00e4hlt, werden die diesem Kauf zugeordneten Einnahmen zur Finanzierung unserer Gesch\u00e4ftst\u00e4tigkeit verwendet.<\/p>\n\n\n\n<p>In Bezug auf Ursachen sendet Rabattage einmal im Jahr einen Scheck an jede aufgelistete Ursache, sofern f\u00fcr die Ursache 10 USD oder mehr angefallen sind (kumuliert aus allen Diensten). Wenn die Sache weniger als 10 US-Dollar verdient hat, wird das Geld f\u00fcr andere vom Rabattage-Management bestimmte Ursachen gespendet.<\/p>\n\n\n\n<p>Schecks, die nicht innerhalb eines (1) Jahres nach Ausstellung eingel\u00f6st wurden, gelten als null und nichtig. Alle entsprechenden Gelder werden stattdessen im Namen der Zahlungsempf\u00e4nger f\u00fcr vom Rabattage-Management festgelegte Zwecke gespendet.<\/p>\n\n\n\n<p>Ungeachtet des Vorstehenden haftet Rabattage nicht f\u00fcr Zahlungen, die auf Betr\u00e4gen beruhen, die aus ung\u00fcltigen Abfragen oder ung\u00fcltigen Klicks auf Anzeigen resultieren, die von einer Person, einem Bot, einem automatisierten Programm oder einem \u00e4hnlichen Ger\u00e4t generiert wurden, wie dies von Rabattage vern\u00fcnftigerweise festgelegt wurde, einschlie\u00dflich, jedoch nicht beschr\u00e4nkt auf Klicks oder Impressionen, die von Ihren IP-Adressen oder Computern stammen, die Sie steuern.<\/p>\n\n\n\n<p>Um eine ordnungsgem\u00e4\u00dfe Zahlung zu gew\u00e4hrleisten, sind die Ursachen allein daf\u00fcr verantwortlich, genaue Kontakt- und Zahlungsinformationen f\u00fcr ihr Konto bereitzustellen und zu pflegen. Alle Bankgeb\u00fchren im Zusammenhang mit zur\u00fcckgegebenen oder stornierten Schecks aufgrund eines Kontakt- oder Zahlungsinformationsfehlers oder einer Auslassung k\u00f6nnen von der neu ausgestellten Zahlung abgezogen werden. Die Ursachen verpflichten sich, alle anwendbaren Steuern oder Abgaben zu zahlen, die von einer staatlichen Stelle im Zusammenhang mit ihrer Teilnahme am Service erhoben werden. Der Rabattage kann seine Preis- und \/ oder Zahlungsstruktur jederzeit \u00e4ndern. Wenn Sie eine Zahlung bestreiten, m\u00fcssen Sie Rabattage innerhalb von drei\u00dfig (30) Tagen nach einer solchen Zahlung schriftlich benachrichtigen. Wenn Sie Rabattage nicht benachrichtigen, verzichten Sie auf jegliche Anspr\u00fcche im Zusammenhang mit einer solchen streitigen Zahlung. Die Zahlung wird ausschlie\u00dflich anhand der vom Rabattage gef\u00fchrten Aufzeichnungen berechnet. Keine anderen Messungen oder Statistiken jeglicher Art werden vom Rabattage akzeptiert oder haben Auswirkungen auf diese Vereinbarung.<\/p>\n\n\n\n<p>Zahlungen an Ursachen \u00fcber die Dienste sind nicht steuerlich absetzbare Beitr\u00e4ge.<\/p>\n\n\n\n<p><strong>Rabattage<\/strong><strong> ist nur eine Plattform<\/strong><br>Die Dienste sind nur eine Verwaltungsplattform. Wir erleichtern die Spenden f\u00fcr Ursachen, sind jedoch keine Partei einer Vereinbarung zwischen einem Benutzer und einer Ursache. Rabattage ist kein Makler, Agent, Finanzinstitut, Gl\u00e4ubiger oder Versicherer f\u00fcr einen Benutzer. Wir haben keine Kontrolle \u00fcber das Verhalten oder die von einer Ursache bereitgestellten Informationen und lehnen hiermit jegliche diesbez\u00fcgliche Haftung ab.<\/p>\n\n\n\n<p>Der Rabattage garantiert nicht, dass eine Sache einen bestimmten Betrag an Spenden oder \u00fcberhaupt Spenden erh\u00e4lt. Wir unterst\u00fctzen keine Ursache und \u00fcbernehmen keine ausdr\u00fcckliche oder stillschweigende Garantie daf\u00fcr, dass die von einem Benutzer \u00fcber die Dienste bereitgestellten Informationen korrekt sind. Wir lehnen ausdr\u00fccklich jede Haftung oder Verantwortung f\u00fcr den Erfolg eines Grundes oder das Ergebnis eines Spendenzwecks ab. Als Benutzer der Dienste m\u00fcssen Sie die endg\u00fcltige Entscheidung \u00fcber den Wert und die Angemessenheit der Nutzung der Dienste treffen, um zu einer Ursache beizutragen.<\/p>\n\n\n\n<p>Wir k\u00f6nnen und k\u00f6nnen die von den Organisatoren von Cause bereitgestellten Informationen nicht \u00fcberpr\u00fcfen und garantieren auch nicht, dass die Spenden in \u00dcbereinstimmung mit einem von Cause vorgeschriebenen Spendenzweck verwendet werden. Wir \u00fcbernehmen keine Verantwortung daf\u00fcr, zu \u00fcberpr\u00fcfen, ob die Spenden in \u00dcbereinstimmung mit den geltenden Gesetzen verwendet werden, und diese Verantwortung liegt gegebenenfalls ausschlie\u00dflich bei der Sache. Wir sind zwar nicht verpflichtet zu \u00fcberpr\u00fcfen, ob die Verwendung der eingeworbenen Mittel im Einklang mit dem geltenden Recht und diesen Bedingungen steht, nehmen jedoch m\u00f6gliche betr\u00fcgerische Aktivit\u00e4ten und den Missbrauch der eingeworbenen Mittel sehr ernst. Wenn Sie Grund zu der Annahme haben, dass eine Ursache die Mittel nicht f\u00fcr den angegebenen Zweck sammelt oder verwendet, informieren Sie bitte unser Team \u00fcber dieses potenzielle Problem, und wir werden dies untersuchen.<\/p>\n","protected":false},"excerpt":{"rendered":"<p>Herzlich willkommen!&nbsp;Rabattage.de&nbsp;(diese \u201cSite\u201d), zu der Rabattage, Rabattage.de und andere verwandte Sites (jeweils ein \u201cService\u201d und zusammen die \u201cServices\u201d) geh\u00f6ren, ist Eigentum von&nbsp;Rabattage.de. (\u201cRabattage\u201d) und wird von diesen betrieben .de \u201c,\u201d wir \u201c,\u201d uns \u201coder\u201d unser \u201c). Bevor Sie diese Website nutzen oder Ihr Konto bei&nbsp;Rabattage.de&nbsp;einrichten, lesen Sie bitte die folgenden Nutzungsbedingungen (\u201cNutzungsbedingungen\u201d oder \u201cVereinbarung\u201d) sorgf\u00e4ltig&#8230;<\/p>\n","protected":false},"author":1,"featured_media":0,"parent":0,"menu_order":0,"comment_status":"closed","ping_status":"closed","template":"","meta":{"footnotes":""},"yoast_head":"<!-- This site is optimized with the Yoast SEO plugin v22.7 - https:\/\/yoast.com\/wordpress\/plugins\/seo\/ -->\n<title>15% | Beste Rabattage im 2026<\/title>\n<meta name=\"robots\" content=\"index, follow, max-snippet:-1, max-image-preview:large, max-video-preview:-1\" \/>\n<link rel=\"canonical\" href=\"https:\/\/rabattage.de\/iso-639-2\/geschaftsbedingungen\/\" \/>\n<meta property=\"og:locale\" content=\"de_DE\" \/>\n<meta property=\"og:locale:alternate\" content=\"en_US\" \/>\n<meta property=\"og:type\" content=\"article\" \/>\n<meta property=\"og:title\" content=\"15% | Beste Rabattage im 2026\" \/>\n<meta property=\"og:description\" content=\"Herzlich willkommen!&nbsp;Rabattage.de&nbsp;(diese \u201cSite\u201d), zu der Rabattage, Rabattage.de und andere verwandte Sites (jeweils ein \u201cService\u201d und zusammen die \u201cServices\u201d) geh\u00f6ren, ist Eigentum von&nbsp;Rabattage.de. (\u201cRabattage\u201d) und wird von diesen betrieben .de \u201c,\u201d wir \u201c,\u201d uns \u201coder\u201d unser \u201c). Bevor Sie diese Website nutzen oder Ihr Konto bei&nbsp;Rabattage.de&nbsp;einrichten, lesen Sie bitte die folgenden Nutzungsbedingungen (\u201cNutzungsbedingungen\u201d oder \u201cVereinbarung\u201d) sorgf\u00e4ltig...\" \/>\n<meta property=\"og:url\" content=\"https:\/\/rabattage.de\/iso-639-2\/geschaftsbedingungen\/\" \/>\n<meta property=\"og:site_name\" content=\"Rabattage\" \/>\n<meta property=\"article:modified_time\" content=\"2024-06-02T06:16:16+00:00\" \/>\n<meta name=\"twitter:card\" content=\"summary_large_image\" \/>\n<meta name=\"twitter:label1\" content=\"Gesch\u00e4tzte Lesezeit\" \/>\n\t<meta name=\"twitter:data1\" content=\"8\u00a0Minuten\" \/>\n<script type=\"application\/ld+json\" class=\"yoast-schema-graph\">{\"@context\":\"https:\/\/schema.org\",\"@graph\":[{\"@type\":\"WebPage\",\"@id\":\"https:\/\/rabattage.de\/geschaftsbedingungen\/\",\"url\":\"https:\/\/rabattage.de\/geschaftsbedingungen\/\",\"name\":\"15% | Beste Rabattage im 2026\",\"isPartOf\":{\"@id\":\"https:\/\/rabattage.de\/#website\"},\"datePublished\":\"2024-05-18T10:52:42+00:00\",\"dateModified\":\"2024-06-02T06:16:16+00:00\",\"breadcrumb\":{\"@id\":\"https:\/\/rabattage.de\/geschaftsbedingungen\/#breadcrumb\"},\"inLanguage\":\"de-DE\",\"potentialAction\":[{\"@type\":\"ReadAction\",\"target\":[\"https:\/\/rabattage.de\/geschaftsbedingungen\/\"]}]},{\"@type\":\"BreadcrumbList\",\"@id\":\"https:\/\/rabattage.de\/geschaftsbedingungen\/#breadcrumb\",\"itemListElement\":[{\"@type\":\"ListItem\",\"position\":1,\"name\":\"Home\",\"item\":\"https:\/\/rabattage.de\/\"},{\"@type\":\"ListItem\",\"position\":2,\"name\":\"Gesch\u00e4ftsbedingungen\"}]},{\"@type\":\"WebSite\",\"@id\":\"https:\/\/rabattage.de\/#website\",\"url\":\"https:\/\/rabattage.de\/\",\"name\":\"Rabattage\",\"description\":\"Rabattcodes and Gutscheine\",\"potentialAction\":[{\"@type\":\"SearchAction\",\"target\":{\"@type\":\"EntryPoint\",\"urlTemplate\":\"https:\/\/rabattage.de\/?s={search_term_string}\"},\"query-input\":\"required name=search_term_string\"}],\"inLanguage\":\"de-DE\"}]}<\/script>\n<!-- \/ Yoast SEO plugin. -->","yoast_head_json":{"title":"15% | Beste Rabattage im 2026","robots":{"index":"index","follow":"follow","max-snippet":"max-snippet:-1","max-image-preview":"max-image-preview:large","max-video-preview":"max-video-preview:-1"},"canonical":"https:\/\/rabattage.de\/iso-639-2\/geschaftsbedingungen\/","og_locale":"de_DE","og_type":"article","og_title":"[:en]15% | Beste Rabattage im 2026[:]","og_description":"Herzlich willkommen!&nbsp;Rabattage.de&nbsp;(diese \u201cSite\u201d), zu der Rabattage, Rabattage.de und andere verwandte Sites (jeweils ein \u201cService\u201d und zusammen die \u201cServices\u201d) geh\u00f6ren, ist Eigentum von&nbsp;Rabattage.de. (\u201cRabattage\u201d) und wird von diesen betrieben .de \u201c,\u201d wir \u201c,\u201d uns \u201coder\u201d unser \u201c). Bevor Sie diese Website nutzen oder Ihr Konto bei&nbsp;Rabattage.de&nbsp;einrichten, lesen Sie bitte die folgenden Nutzungsbedingungen (\u201cNutzungsbedingungen\u201d oder \u201cVereinbarung\u201d) sorgf\u00e4ltig...","og_url":"https:\/\/rabattage.de\/iso-639-2\/geschaftsbedingungen\/","og_site_name":"Rabattage","article_modified_time":"2024-06-02T06:16:16+00:00","twitter_card":"summary_large_image","twitter_misc":{"Gesch\u00e4tzte Lesezeit":"8\u00a0Minuten"},"schema":{"@context":"https:\/\/schema.org","@graph":[{"@type":"WebPage","@id":"https:\/\/rabattage.de\/geschaftsbedingungen\/","url":"https:\/\/rabattage.de\/geschaftsbedingungen\/","name":"15% | Beste Rabattage im 2026","isPartOf":{"@id":"https:\/\/rabattage.de\/#website"},"datePublished":"2024-05-18T10:52:42+00:00","dateModified":"2024-06-02T06:16:16+00:00","breadcrumb":{"@id":"https:\/\/rabattage.de\/geschaftsbedingungen\/#breadcrumb"},"inLanguage":"de-DE","potentialAction":[{"@type":"ReadAction","target":["https:\/\/rabattage.de\/geschaftsbedingungen\/"]}]},{"@type":"BreadcrumbList","@id":"https:\/\/rabattage.de\/geschaftsbedingungen\/#breadcrumb","itemListElement":[{"@type":"ListItem","position":1,"name":"Home","item":"https:\/\/rabattage.de\/"},{"@type":"ListItem","position":2,"name":"Gesch\u00e4ftsbedingungen"}]},{"@type":"WebSite","@id":"https:\/\/rabattage.de\/#website","url":"https:\/\/rabattage.de\/","name":"Rabattage","description":"Rabattcodes and Gutscheine","potentialAction":[{"@type":"SearchAction","target":{"@type":"EntryPoint","urlTemplate":"https:\/\/rabattage.de\/?s={search_term_string}"},"query-input":"required name=search_term_string"}],"inLanguage":"de-DE"}]}},"_links":{"self":[{"href":"https:\/\/rabattage.de\/iso-639-2\/wp-json\/wp\/v2\/pages\/103"}],"collection":[{"href":"https:\/\/rabattage.de\/iso-639-2\/wp-json\/wp\/v2\/pages"}],"about":[{"href":"https:\/\/rabattage.de\/iso-639-2\/wp-json\/wp\/v2\/types\/page"}],"author":[{"embeddable":true,"href":"https:\/\/rabattage.de\/iso-639-2\/wp-json\/wp\/v2\/users\/1"}],"replies":[{"embeddable":true,"href":"https:\/\/rabattage.de\/iso-639-2\/wp-json\/wp\/v2\/comments?post=103"}],"version-history":[{"count":2,"href":"https:\/\/rabattage.de\/iso-639-2\/wp-json\/wp\/v2\/pages\/103\/revisions"}],"predecessor-version":[{"id":561,"href":"https:\/\/rabattage.de\/iso-639-2\/wp-json\/wp\/v2\/pages\/103\/revisions\/561"}],"wp:attachment":[{"href":"https:\/\/rabattage.de\/iso-639-2\/wp-json\/wp\/v2\/media?parent=103"}],"curies":[{"name":"wp","href":"https:\/\/api.w.org\/{rel}","templated":true}]}}