{"id":95,"date":"2024-05-18T10:47:32","date_gmt":"2024-05-18T10:47:32","guid":{"rendered":"https:\/\/rabattage.de\/?page_id=95"},"modified":"2024-05-21T11:45:59","modified_gmt":"2024-05-21T11:45:59","slug":"uber-uns","status":"publish","type":"page","link":"https:\/\/rabattage.de\/iso-639-2\/uber-uns\/","title":{"rendered":"\u00dcber uns"},"content":{"rendered":"\n<p class=\"has-large-font-size\"><strong>Rabattage.de<\/strong><\/p>\n\n\n\n<p class=\"has-medium-font-size\">Rabattage.de schafft Einkaufserlebnisse mit Mehrwert und hilft Online-Kunden, beim Einkauf Geld zu sparen.<\/p>\n\n\n\n<p class=\"has-medium-font-size\">M\u00f6chten Sie immer auf dem Laufenden bleiben? Dann abonnieren Sie einfach unseren Newsletter und erfahren Sie vor allen anderen von neuen Rabattaktionen, Angeboten und Gutscheinen. So verpassen Sie keine Gelegenheit zum Sparen und profitieren von exklusiven Rabatten.<\/p>\n\n\n\n<p class=\"has-medium-font-size\">Sie k\u00f6nnen sicher sein, dass Sie alle <strong>Gutscheine<\/strong> von uns kostenlos, unverbindlich und ohne l\u00e4stige Werbung erhalten. Alle <strong>Rabatte<\/strong> werden zudem manuell auf G\u00fcltigkeit gepr\u00fcft und aktiviert.<br>Nat\u00fcrlich handeln wir auch eng mit Ihren Lieblingsshops zusammen, um f\u00fcr Sie exklusive Gutscheine auszuhandeln, mit denen Sie dann bei Ihrem n\u00e4chsten Online-Einkauf sparen k\u00f6nnen.<\/p>\n\n\n\n<p class=\"has-medium-font-size\">Auch bei Rabattage.de k\u00f6nnen Sie regelm\u00e4\u00dfig tolle Sonderangebote mit Rabattcodes entdecken<\/p>\n\n\n\n<p class=\"has-medium-font-size\"><strong>&#8220;Sparen wie ein Boss &#8211; Rabattage.de&#8221;<\/strong><br><\/p>\n\n\n\n<figure class=\"wp-block-image size-full is-resized\"><img fetchpriority=\"high\" decoding=\"async\" width=\"548\" height=\"202\" src=\"https:\/\/rabattage.de\/wp-content\/uploads\/2024\/05\/gutscheine.png\" alt=\"\" class=\"wp-image-223\" style=\"width:842px;height:auto\" srcset=\"https:\/\/rabattage.de\/wp-content\/uploads\/2024\/05\/gutscheine.png 548w, https:\/\/rabattage.de\/wp-content\/uploads\/2024\/05\/gutscheine-300x111.png 300w, https:\/\/rabattage.de\/wp-content\/uploads\/2024\/05\/gutscheine-150x55.png 150w\" sizes=\"(max-width: 548px) 100vw, 548px\" \/><\/figure>\n\n\n\n<p class=\"has-medium-font-size\"><br><strong>Unsere Vision:<\/strong><br><\/p>\n\n\n\n<p>Unser oberstes Ziel ist es, Benutzern weltweit dabei zu helfen, Geld zu sparen. Deshalb testet unser Team jeden Tag Tausende von Gutscheinen manuell, f\u00fcgt alle neuen verf\u00fcgbaren hinzu und verhandelt mit Gesch\u00e4ften \u00fcber exklusive Gutscheincodes und Sonderangebote. Dar\u00fcber hinaus arbeiten wir st\u00e4ndig daran, neue Funktionen zu implementieren, um Rabattage.de noch besser zu machen.<br>Wir versprechen allen unseren Nutzern, dass alle Leistungen auf Rabattage.de stets kostenlos sind!<br><br><strong>Was machen wir?<\/strong><br><\/p>\n\n\n\n<p>Was uns bei Rabattage.de wirklich auszeichnet, ist die Liebe zum Detail bei unserer Arbeit. Wir verfolgen einen benutzerorientierten Ansatz und fragen uns daher st\u00e4ndig, was wir tun k\u00f6nnen, um das gesamte Benutzererlebnis zu verbessern.<br>Hier bei Rabattage.de k\u00f6nnen Sie sicher sein, dass Sie alle Gutscheine v\u00f6llig kostenlos, unverbindlich und ohne l\u00e4stige Werbung erhalten. Dar\u00fcber hinaus werden alle auf unserer Website ver\u00f6ffentlichten Gutscheine von Hand getestet und manuell ver\u00f6ffentlicht.<br>Selbstverst\u00e4ndlich arbeiten wir auch eng mit Ihren Lieblings-Top-Stores zusammen, um exklusive Gutscheine und Angebote auszuhandeln, damit Sie bei Ihrem n\u00e4chsten Einkauf noch mehr Geld sparen k\u00f6nnen.<\/p>\n\n\n\n<p class=\"has-medium-font-size\"><br><\/p>\n","protected":false},"excerpt":{"rendered":"<p>Rabattage.de Rabattage.de schafft Einkaufserlebnisse mit Mehrwert und hilft Online-Kunden, beim Einkauf Geld zu sparen. M\u00f6chten Sie immer auf dem Laufenden bleiben? Dann abonnieren Sie einfach unseren Newsletter und erfahren Sie vor allen anderen von neuen Rabattaktionen, Angeboten und Gutscheinen. So verpassen Sie keine Gelegenheit zum Sparen und profitieren von exklusiven Rabatten. Sie k\u00f6nnen sicher sein,&#8230;<\/p>\n","protected":false},"author":1,"featured_media":0,"parent":0,"menu_order":0,"comment_status":"closed","ping_status":"closed","template":"","meta":{"footnotes":""},"yoast_head":"<!-- This site is optimized with the Yoast SEO plugin v22.7 - https:\/\/yoast.com\/wordpress\/plugins\/seo\/ -->\n<title>\u00dcber uns - Rabattage.de<\/title>\n<meta name=\"robots\" content=\"index, follow, max-snippet:-1, max-image-preview:large, max-video-preview:-1\" \/>\n<link rel=\"canonical\" href=\"https:\/\/rabattage.de\/iso-639-2\/uber-uns\/\" \/>\n<meta property=\"og:locale\" content=\"de_DE\" \/>\n<meta property=\"og:locale:alternate\" content=\"en_US\" \/>\n<meta property=\"og:type\" content=\"article\" \/>\n<meta property=\"og:title\" content=\"\u00dcber uns - Rabattage.de\" \/>\n<meta property=\"og:description\" content=\"Rabattage.de Rabattage.de schafft Einkaufserlebnisse mit Mehrwert und hilft Online-Kunden, beim Einkauf Geld zu sparen. M\u00f6chten Sie immer auf dem Laufenden bleiben? Dann abonnieren Sie einfach unseren Newsletter und erfahren Sie vor allen anderen von neuen Rabattaktionen, Angeboten und Gutscheinen. So verpassen Sie keine Gelegenheit zum Sparen und profitieren von exklusiven Rabatten. Sie k\u00f6nnen sicher sein,...\" \/>\n<meta property=\"og:url\" content=\"https:\/\/rabattage.de\/iso-639-2\/uber-uns\/\" \/>\n<meta property=\"og:site_name\" content=\"Rabattage\" \/>\n<meta property=\"article:modified_time\" content=\"2024-05-21T11:45:59+00:00\" \/>\n<meta name=\"twitter:card\" content=\"summary_large_image\" \/>\n<meta name=\"twitter:label1\" content=\"Gesch\u00e4tzte Lesezeit\" \/>\n\t<meta name=\"twitter:data1\" content=\"2\u00a0Minuten\" \/>\n<script type=\"application\/ld+json\" class=\"yoast-schema-graph\">{\"@context\":\"https:\/\/schema.org\",\"@graph\":[{\"@type\":\"WebPage\",\"@id\":\"https:\/\/rabattage.de\/uber-uns\/\",\"url\":\"https:\/\/rabattage.de\/uber-uns\/\",\"name\":\"\u00dcber uns - Rabattage.de\",\"isPartOf\":{\"@id\":\"https:\/\/rabattage.de\/#website\"},\"primaryImageOfPage\":{\"@id\":\"https:\/\/rabattage.de\/uber-uns\/#primaryimage\"},\"image\":{\"@id\":\"https:\/\/rabattage.de\/uber-uns\/#primaryimage\"},\"thumbnailUrl\":\"https:\/\/rabattage.de\/wp-content\/uploads\/2024\/05\/gutscheine.png\",\"datePublished\":\"2024-05-18T10:47:32+00:00\",\"dateModified\":\"2024-05-21T11:45:59+00:00\",\"breadcrumb\":{\"@id\":\"https:\/\/rabattage.de\/uber-uns\/#breadcrumb\"},\"inLanguage\":\"de-DE\",\"potentialAction\":[{\"@type\":\"ReadAction\",\"target\":[\"https:\/\/rabattage.de\/uber-uns\/\"]}]},{\"@type\":\"ImageObject\",\"inLanguage\":\"de-DE\",\"@id\":\"https:\/\/rabattage.de\/uber-uns\/#primaryimage\",\"url\":\"https:\/\/rabattage.de\/wp-content\/uploads\/2024\/05\/gutscheine.png\",\"contentUrl\":\"https:\/\/rabattage.de\/wp-content\/uploads\/2024\/05\/gutscheine.png\"},{\"@type\":\"BreadcrumbList\",\"@id\":\"https:\/\/rabattage.de\/uber-uns\/#breadcrumb\",\"itemListElement\":[{\"@type\":\"ListItem\",\"position\":1,\"name\":\"Home\",\"item\":\"https:\/\/rabattage.de\/\"},{\"@type\":\"ListItem\",\"position\":2,\"name\":\"\u00dcber uns\"}]},{\"@type\":\"WebSite\",\"@id\":\"https:\/\/rabattage.de\/#website\",\"url\":\"https:\/\/rabattage.de\/\",\"name\":\"Rabattage\",\"description\":\"Rabattcodes and Gutscheine\",\"potentialAction\":[{\"@type\":\"SearchAction\",\"target\":{\"@type\":\"EntryPoint\",\"urlTemplate\":\"https:\/\/rabattage.de\/?s={search_term_string}\"},\"query-input\":\"required name=search_term_string\"}],\"inLanguage\":\"de-DE\"}]}<\/script>\n<!-- \/ Yoast SEO plugin. -->","yoast_head_json":{"title":"\u00dcber uns - Rabattage.de","robots":{"index":"index","follow":"follow","max-snippet":"max-snippet:-1","max-image-preview":"max-image-preview:large","max-video-preview":"max-video-preview:-1"},"canonical":"https:\/\/rabattage.de\/iso-639-2\/uber-uns\/","og_locale":"de_DE","og_type":"article","og_title":"[:en]\u00dcber uns - Rabattage.de[:]","og_description":"Rabattage.de Rabattage.de schafft Einkaufserlebnisse mit Mehrwert und hilft Online-Kunden, beim Einkauf Geld zu sparen. M\u00f6chten Sie immer auf dem Laufenden bleiben? Dann abonnieren Sie einfach unseren Newsletter und erfahren Sie vor allen anderen von neuen Rabattaktionen, Angeboten und Gutscheinen. So verpassen Sie keine Gelegenheit zum Sparen und profitieren von exklusiven Rabatten. Sie k\u00f6nnen sicher sein,...","og_url":"https:\/\/rabattage.de\/iso-639-2\/uber-uns\/","og_site_name":"Rabattage","article_modified_time":"2024-05-21T11:45:59+00:00","twitter_card":"summary_large_image","twitter_misc":{"Gesch\u00e4tzte Lesezeit":"2\u00a0Minuten"},"schema":{"@context":"https:\/\/schema.org","@graph":[{"@type":"WebPage","@id":"https:\/\/rabattage.de\/uber-uns\/","url":"https:\/\/rabattage.de\/uber-uns\/","name":"\u00dcber uns - Rabattage.de","isPartOf":{"@id":"https:\/\/rabattage.de\/#website"},"primaryImageOfPage":{"@id":"https:\/\/rabattage.de\/uber-uns\/#primaryimage"},"image":{"@id":"https:\/\/rabattage.de\/uber-uns\/#primaryimage"},"thumbnailUrl":"https:\/\/rabattage.de\/wp-content\/uploads\/2024\/05\/gutscheine.png","datePublished":"2024-05-18T10:47:32+00:00","dateModified":"2024-05-21T11:45:59+00:00","breadcrumb":{"@id":"https:\/\/rabattage.de\/uber-uns\/#breadcrumb"},"inLanguage":"de-DE","potentialAction":[{"@type":"ReadAction","target":["https:\/\/rabattage.de\/uber-uns\/"]}]},{"@type":"ImageObject","inLanguage":"de-DE","@id":"https:\/\/rabattage.de\/uber-uns\/#primaryimage","url":"https:\/\/rabattage.de\/wp-content\/uploads\/2024\/05\/gutscheine.png","contentUrl":"https:\/\/rabattage.de\/wp-content\/uploads\/2024\/05\/gutscheine.png"},{"@type":"BreadcrumbList","@id":"https:\/\/rabattage.de\/uber-uns\/#breadcrumb","itemListElement":[{"@type":"ListItem","position":1,"name":"Home","item":"https:\/\/rabattage.de\/"},{"@type":"ListItem","position":2,"name":"\u00dcber uns"}]},{"@type":"WebSite","@id":"https:\/\/rabattage.de\/#website","url":"https:\/\/rabattage.de\/","name":"Rabattage","description":"Rabattcodes and Gutscheine","potentialAction":[{"@type":"SearchAction","target":{"@type":"EntryPoint","urlTemplate":"https:\/\/rabattage.de\/?s={search_term_string}"},"query-input":"required name=search_term_string"}],"inLanguage":"de-DE"}]}},"_links":{"self":[{"href":"https:\/\/rabattage.de\/iso-639-2\/wp-json\/wp\/v2\/pages\/95"}],"collection":[{"href":"https:\/\/rabattage.de\/iso-639-2\/wp-json\/wp\/v2\/pages"}],"about":[{"href":"https:\/\/rabattage.de\/iso-639-2\/wp-json\/wp\/v2\/types\/page"}],"author":[{"embeddable":true,"href":"https:\/\/rabattage.de\/iso-639-2\/wp-json\/wp\/v2\/users\/1"}],"replies":[{"embeddable":true,"href":"https:\/\/rabattage.de\/iso-639-2\/wp-json\/wp\/v2\/comments?post=95"}],"version-history":[{"count":6,"href":"https:\/\/rabattage.de\/iso-639-2\/wp-json\/wp\/v2\/pages\/95\/revisions"}],"predecessor-version":[{"id":225,"href":"https:\/\/rabattage.de\/iso-639-2\/wp-json\/wp\/v2\/pages\/95\/revisions\/225"}],"wp:attachment":[{"href":"https:\/\/rabattage.de\/iso-639-2\/wp-json\/wp\/v2\/media?parent=95"}],"curies":[{"name":"wp","href":"https:\/\/api.w.org\/{rel}","templated":true}]}}